 - (-50 - -49 - (0 - 3))
6
24 + -34 - -20 - (1 - -9)
0
(-2 - 16) + (-1 + 6 - -5)
-8
What is -5 + 1 + (-6 - (-4 + -14))?
8
Evaluate -28 + 11 + -8 + 8 + -11.
-28
43 - (-14 + (2 - -24))
31
What is the value of 7 - ((-34 - -16) + 33)?
-8
Calculate (-6 + -10 - -11) + (6 + -37 - 2).
-38
Evaluate -19 + 1 + (-3 - (-3 + -12 - -7)).
-13
23 - (6 + (-4 - (7 - 3)) + 7)
18
What is the value of 3 - ((-2 - (3 - -1)) + (8 - -2))?
-1
Calculate -13 + (5 - 3) - (-13 - -1).
1
What is the value of 8 + (17 - 31) + 0 + 20?
14
Calculate -9 + -10 + (4 - -12) + 6.
3
What is 2 + -1 + 115 + -116 + (6 - 1)?
5
What is the value of -6 - (1 + -8 - (48 + -54))?
-5
What is the value of 5 - (3 + 40 + -26)?
-12
24 + (-20 - -23) - 14
13
-15 + 8 - -16 - ((-6 - -2) + 11)
2
Calculate 0 - (-3 + (5 - (-4 + 1)) + 5).
-10
Evaluate -7 - (6 + 13 + -9).
-17
What is -11 + 18 + -11 + 16 - 7 - -2?
7
What is the value of -10 + (1 - -4 - (-95 + 98))?
-8
Calculate 2 + -16 - ((11 - 10) + -5).
-10
What is the value of (-50 - (-39 - -8)) + 3?
-16
What is 3 + (0 - -11) - (111 - 107)?
10
-2 - (-7 + (11 - ((-4 - -1) + 24)))
15
(-34 + -5 - (67 - 75)) + 18
-13
(19 - 74) + 16 - -17
-22
Calculate (118 - 124) + (2 - 8).
-12
Calculate (-3 - (-3 - (1 + 3))) + (55 - 47).
12
Calculate 8 - (31 - (-13 + 24)).
-12
What is the value of 7 + -35 - (30 + -49)?
-9
Evaluate 6 - (17 + 2 + -9).
-4
What is (15 - 5 - 2 - 1) + -5?
2
What is the value of (104 - 97) + (-1 + 5 - (1 + 15))?
-5
Calculate (-1 + -4 + -2 - -12) + 6.
11
Evaluate -6 + ((-2 - -24) + 1 + 2 - 6).
13
What is 3 + (21 - (-2 - 2 - (28 + -40)))?
16
What is 9 + (-1 - (-8 + 7) - -5 - 0)?
14
Evaluate 1 - (-20 + 20 - -12).
-11
What is -6 + (0 - (24 - 20 - (-5 + 1)))?
-14
What is the value of 483 + -496 + -1 + -1 - -4?
-11
What is the value of (10 - 9) + (-6 + -1 - 0) + -3?
-9
What is the value of 1 - (21 + -25 - (1 - 0)) - 2?
4
Evaluate 4803 + -4790 + (-2 - -1 - 5).
7
-9 + (24 - 12 - -10)
13
9 + -62 + 19 - -36
2
Calculate (-14 + -8 - -3) + (6 + 0 - 3).
-16
Evaluate (10 - (17 + -6) - 2) + 4.
1
What is -2 - (-15 - (6 - (-1 - -9)))?
11
What is the value of 0 + -1 + -4 + -92 + 98 - -13?
14
What is -4 - (-6 + -14 + 5 - -8)?
3
(2 + -3 - 7) + 24 + (-54 - -26)
-12
(-6 - -61) + 6 + -38
23
What is 11 + (2 - (-6 - -37)) + 7?
-11
-22 + 22 - (-10 + 19 + 3)
-12
What is the value of (3 - 14) + 1 + (-1 - 1) + 0?
-12
What is (2 - (-47 + 19) - -3) + -3?
30
What is -3 + -4 + 0 - ((15 - -5) + -12)?
-15
16 + (-6 - (-1 - -5))
6
Evaluate 34 + -45 - (1 + -2) - -8.
-2
What is the value of 22 + -6 - (-27 + 26)?
17
Evaluate (-157 - -161 - (1 - -7)) + (12 - 1).
7
Calculate (-13 - -5) + (5 - 3) + 3.
-3
Calculate 9 + (-26 - -10) + 10 + 3.
6
What is the value of (26 - 13) + -8 - (-13 - -5) - -4?
17
Evaluate (2 - 0) + (-333 - -346) + -38.
-23
Calculate (-2 - (17 - 10)) + 6.
-3
What is -32 + -17 + 46 + -15 + -3?
-21
Evaluate -5 + 0 + 293 + -295.
-7
What is the value of 5 - 4 - (-46 - -36)?
11
13 - (5 - 5 - -21)
-8
What is (-7 - (4 + 5 - 26)) + 17 - 6?
21
What is the value of (-6 - -1 - 8) + 15 + -23?
-21
What is 3 - 2 - (-1 - (10 + -1 - 7))?
4
-21 + -2 + (-17 - -13)
-27
What is 111 - 113 - (12 - 1)?
-13
Evaluate -8 + (-11 - -5) + 12.
-2
13 - 40 - 54 - -44
-37
What is 10 + -14 - (-3 + -7 + (-4 - -1))?
9
What is the value of 11 - (-10 + 10 + -7 - -17)?
1
(-10 - (9 - -1)) + (14 - 8)
-14
What is the value of 6 + (-15 - (-2 - (12 + -12)))?
-7
(1 - 0 - 3) + 5 + 9
12
Calculate 21 - 8 - 45 - -25.
-7
(-1 - (3 - 23) - 12) + -26
-19
What is the value of -10 + (8 - (-10 - -7)) + (2 - 3)?
0
18 + (3 - 0 - 10)
11
-29 + (3 + 24 - -4)
2
Calculate 6 + -29 - (192 + -201).
-14
0 + -2 - -7 - (26 - (-7 + 35))
7
Calculate (-17 - 6) + (-15 - -24).
-14
Calculate 0 + 11 + -5 + (44 - 37).
13
What is the value of 0 - 1 - -1 - (539 - 532)?
-7
-32 + 5 + (-6 - -10) - (-4 + -2)
-17
What is the value of -244 + 244 + (0 - 1) + (12 - 18)?
-7
Calculate -2 + (-28 - -37) + -18.
-11
What is the value of (2 - (4 - 8)) + -2 + 3 + 2?
9
What is -17 + 6 + (-3 - -6) + 15?
7
(-17 - -21 - 15 - -25) + -1
13
Calculate -18 - (-7 + -2) - 4.
-13
What is 22 + -26 + -4 + 8?
0
What is the value of (-12 + 7 - (4 + -1 + -3)) + -2?
-7
Evaluate -21 - 4 - (-8 + -9).
-8
Evaluate -7014 - -7045 - (2 + -1 + 1).
29
Calculate (-16 - 45 - -77) + 1 + -4.
13
-10 + 2 - (-11 - -1)
2
Calculate 255 - 231 - (-3 - (0 + -2) - -4).
21
What is the value of 1 + -21 - (326 - 339)?
-7
What is the value of (0 - 9) + -9 + -54 + 56?
-16
0 - 2 - (13 + (11 - 24))
-2
Evaluate 17 + (-17 - (-9 - -12)).
-3
Evaluate (5 + 8 - (-4 + 7)) + 8.
18
13 - 9 - ((10 - (-5 - 22)) + -9)
-24
Calculate 4 + 1 + -1 + (13 + 6 - 11).
12
What is the value of -11 + (-2 - (-7 + 1) - (3 + 1))?
-11
What is the value of (-10 - ((6 - 63) + 5)) + -15?
27
What is the value of -4 - (-25 - (0 - 18))?
3
What is the value of 20 - (14 - (-6 + 17)) - 9?
8
What is (5 - 13 - (-21 + -1)) + 0?
14
4 + -6 + -5 + (3 - -5) - 5
-4
What is (2 - 12) + 9 + 5 - -2?
6
What is the value of 3 + -5 - -1 - (7 + 2) - -5?
-5
Evaluate -6 + (18 - ((-4 - 3) + 15)) - -2.
6
What is (-16 - (-13 + 6)) + 15 + -17?
-11
What is 23 - (-2 - -5 - (-24 - -19))?
15
What is the value of 14 - (16 - 8) - (-15 - -2)?
19
70 - (-31 - -67) - 35
-1
What is -6 - -26 - (88 + -72)?
4
What is 0 + -10 + -13 + -11 + 13 + 10?
-11
What is the value of (-12 - (10 - (7 - (2 + -6)))) + 27?
16
What is (19 - 17) + 5 + -7?
0
20 + -26 + 4 + -6
-8
Calculate 18 + 2 - (-10 - -21) - 6.
3
What is -93 - -74 - (-6 + -1)?
-12
Evaluate (-21 - -38) + (-5 - -1).
13
What is 5 + (0 - -1) + -7 - (7 - -7)?
-15
What is -9 + (0 - (6 + -10))?
-5
What is the value of 4 + (25 + -32 - 15)?
-18
What is (26 - 14) + -6 + (-1 - 1 - -9)?
13
Calculate 4 - (3 - (-15 - -2) - 8) - 7.
-11
What is 21 + 1 + 1 - (101 - 94)?
16
Evaluate (-22 - -1 - (-137 + 144)) + (1 - 1).
-28
What is the value of 41 - (59 + (-66 - -30))?
18
What is 22 + -13 + 2 + -5?
6
5 - -8 - (11 + -15)
17
Evaluate 0 + -23 + 36 - 8.
5
Evaluate 29 - (-19 - -28) - 27.
-7
Calculate 5 - 3 - (-19 + 11 + (5 - -1)).
4
-11 - ((2 - 2) + 5 + -30)
14
Calculate -1 + 13 + -20 + 52 + -5.
39
Evaluate -689 + 669 + (12 - (0 + (4 - 2))).
-10
What is -1 + (-5 - (5 - 19 - -1))?
7
7 + (2 + (-11 - -6) - -28 - 12)
20
What is the value of -4 + -17 - -45 - (-1 - -2 - 0)?
23
(-8 - -14) + -1 + 1 + 0
6
Evaluate -8 + (-11 - (-4 - 15) - 4).
-4
Calculate -9 - (19 - 18 - -5).
-15
Evaluate 8 + -130 + 133 + 0 + 4 + 0.
15
What is the value of -15 + 1 - (-18 + 13)?
-9
What is the value of 51 - (-46 + 103) - (-34 + 2)?
26
Evaluate 19 + 10 - 47 - 1.
-19
Calculate -37 + 20 + 3 - -14.
0
What is (0 - 2) + -5 - (-850 - -872)?
-29
What is the value of 547 - 550 - (2 + 3)?
-8
Evaluate 7 + -23 + 9 - -24.
17
What is the value of 3 + 0 - -4 - (19 - (1 + -5))?
-16
Calculate (-7 - 6 - -18) + (-13 - -2) - 6.
-12
What is 1 + -9 + (39 - 25) + 3?
9
10 - 6 - (12 - 7) - (-3 - 0)
2
What is the value of -5 + 7 + -3 + 1 + 27 + -22?
5
Calculate -9 + -6 + 6 - (11 - 8).
-12
Evaluate (6 - 33 - -22) + (2 - 2) + 0.
-5
What is the value of 4 + -14 + (6 - 1 - 4)?
-9
Calculate -6 + 1 + -3 + 14 + 0 + 4.
10
Evaluate ((-7 - 13) + 11 - -3) + 1 + 22.
17
What is the value of 18 - (-8 + (-15 - (-24 - -12)))?
29
What is the value of 6 + (-7 - (-3 + 0 + 4)) + -2?
-4
Calculate -21 - -2 - ((-31 - -2) + 21).
-11
What is (3 - 7) + 7 + -4 - -3?
2
What is (-17 - (-11 + -9)) + 4 + 15?
22
What is 1 + -13 + -11 - 10?
-33
(-178 - -167) + (1 - 4) + -1
-15
-3 + (-6 - -9 - 4) - 7
-11
-14 + -3 + 6 + 22
11
What is the value of (18 - (0 + 5)) + -18?
-5
Calculate (-43 + 49 - (-14 - -1)) + -7 - 0.
12
What is the value of -3 + 32 + -8 - (0 + 1 + 0)?
20
Calculate 44 - (-25 + (80 - 32)).
21
Evaluate -5 + (-7 - (-10 + 4)).
-6
Evaluate 0 - -1 - (-13 - -19 - (11 - 18)).
-12
Calculate 11 - (2 + -5 + (13 - 11)).
12
What is the value of 7 + 17 - ((-2 - -3 - 12) + 17)?
18
Calculate 0 - -1 - (33 + -60 + 30).
-2
Calculate (34 - 35) + (-29 + 27 - (0 + 0)).
-3
21 + -11 - (-32 + 37)
5
What is 0 - -3 - (12 + 16 + -10)?
-15
What is -28 + 13 + 35 + -22?
-2
What is the value of 0 + 3 + (54 - (68 + -11))?
0
What is the value of 0 + -1 - (38 - 36)?
-3
16 + (2 + -5 - 7) + 1
7
6 + (-12 - (-3 + 0 + -5))
2
Calculate (17 - 1) + -46 + 35 + -3.
2
(-1 + -7 - (-32 - -19 - -12)) + 6
-1
Evaluate 4 - 6 - (4 + -33) - -2.
29
What is -96 + 97 + -2 + 12?
11
(19 